3. Let z be o - (4 - (3 + 18)). What is the highest common factor of 36 and z?
18
Let k be (-1)/(-2) - (-391)/34. Let v be (-18)/(-6)*(-38)/(-3). Let h be 57/v + 1/2. Calculate the highest common divisor of k and h.
2
Let u = -416 + 427. Let x be (-4)/6 - 496/(-6). Let a = 181 - x. What is the highest common factor of u and a?
11
Suppose -4*t - 4*l + 4672 = 0, t + 13*l = 9*l + 1174. What is the highest common divisor of 318 and t?
106
Let z(x) = -x**3 + 7*x**2 + 65*x + 1. Let n be z(10). Let i be (-28)/(-2) + (1 - 2). Calculate the highest common factor of n and i.
13
Let t be (-12)/(-20) - 12042/45. Let k = -245 - t. Calculate the highest common divisor of 6 and k.
2
Suppose 0 = 5*b + i - 798, 4*b + 2*i - 796 + 160 = 0. Suppose 2*o + h = 21, -5*o - 5*h + 55 = -0*h. Calculate the greatest common divisor of o and b.
10
Suppose 0 = -9*i + 49 - 22. Let n(x) = -7*x**2 + 7 - 10*x**3 + x**2 + 7*x - 7*x**3 + 16*x**i. Let z be n(-7). What is the highest common divisor of 49 and z?
7
Let i = 4596 - 4076. What is the highest common divisor of i and 208?
104
Suppose 104*x - 4770 = 113*x. Let i = x - -540. Calculate the highest common divisor of 1370 and i.
10
Suppose 0 = 5*r - 113*v + 118*v - 70, -3*r + 7 = -2*v. Calculate the greatest common factor of 18137 and r.
7
Let f = 1322 + -290. Suppose 0 = -355*t + 352*t + f. Calculate the highest common divisor of t and 43.
43
Suppose 4*w - 3 = 9. Suppose -3*m + 0*h + 296 = 2*h, w*m + 3*h - 294 = 0. What is the greatest common divisor of 8 and m?
4
Let u be (-1 + 0)/(2 + -3). Let j be -5*(-6)/45 - 58/(-3). Suppose -4*s = 4*b - j, -2*s - b = -3*b + 6. Calculate the highest common divisor of s and u.
1
Suppose -2*q = -2, -5*w - 6*q - 1187 = -3*q. Let c = w + 535. Let a be (10 - 11) + (1 - 69)/(-2). Calculate the highest common factor of c and a.
33
Let p = 30 + -28. Suppose 612 = -p*c + 634. What is the highest common factor of c and 44?
11
Suppose 107*h = 4781 + 14479. What is the greatest common divisor of 1820 and h?
20
Suppose -2*m = -8*m + 48. Suppose -21*z - 20 = -22*z. Calculate the highest common divisor of m and z.
4
Suppose -82266 - 104039 - 13135 = -277*f. Calculate the greatest common factor of f and 1665.
45
Let f(n) = -n**3 + 3*n**2 + 11*n - 3. Let y be f(5). Suppose -y*s = -3*h - 268, s - 4*h - 56 = 88. Calculate the greatest common factor of s and 64.
64
Suppose -4785 = -2*u - 3*u + 5*n, 0 = 5*u + 2*n - 4806. Let d = -640 + u. Calculate the highest common factor of 60 and d.
20
Let l = 309 - 305. Suppose 19*b = l*b + 2430. Calculate the highest common divisor of b and 6.
6
Let m(x) be the third derivative of 0 + 0*x + 1/12*x**4 + 11/3*x**3 + 3*x**2. Let f be m(-7). Calculate the greatest common factor of 8 and f.
8
Let v(l) = 28*l - 46. Let q be v(2). Suppose 990 = -4*g + q*g. What is the greatest common factor of g and 60?
15
Let b = -3 + 5. Suppose 6*p + 17 = b*h + p, -p = 2*h + 1. Let n be (-3 - 1)/(h/(-6)) + -2. What is the greatest common factor of 22 and n?
22
Let c be (-3)/(-2) - (-681987)/562. Calculate the highest common divisor of c and 1755.
135
Let h(s) = 20*s - 38*s**2 + 84*s**2 - 45*s**2 - 19 - 31. Let g be h(-28). Calculate the highest common factor of 290 and g.
58
Let x = -39 - -35. Let i be ((-13)/(-2))/(4*x/(-864)). Calculate the greatest common factor of 13 and i.
13
Let a(o) = o - 1. Let m(i) = -5*i + 1. Let w = -16 - -18. Let u(f) = w*m(f) + 18*a(f). Let p be u(7). Calculate the greatest common divisor of p and 5.
5
Let g = 38460 + -34839. What is the highest common divisor of g and 1917?
213
Let z be (-21 + 22)/((-1 - 4)/(-1195)). Calculate the highest common divisor of z and 7.
1
Let q be (-4 - -6)*(-1 + (9 - 1)). Let n be ((-84)/(-70))/(3/10). Let j(a) = -2*a + 29. Let v be j(n). What is the greatest common factor of v and q?
7
Let f = 24 + -11. Let m be (-3)/(-6) + (5538/12)/f. What is the highest common divisor of m and 90?
18
Let a = -72 + 85. Let y = 15 - a. Let m be y/5 + 4*17/5. Calculate the highest common factor of m and 70.
14
Suppose 267 = 2*r - d, 3*r - 831 = -d - 438. Calculate the greatest common divisor of 6963 and r.
33
Let v be 144/84*(1276 + -16). Calculate the greatest common factor of v and 12.
12
Let w(j) = -j**2 + 9*j. Let l be w(9). Suppose l = a - 4*a. Suppose 4*s = 2*k + 3*s - 32, -3*k - s + 48 = a. What is the highest common divisor of k and 16?
16
Let u = 1801 - 1614. Calculate the greatest common factor of 221 and u.
17
Let j be 42 + (36/81 - 20/(-36)). What is the greatest common factor of 5504 and j?
43
Let s be 3 + (1 + -4)/3. Suppose -s*v + 2 = -4. Let l(c) = -c**3 - 23*c**2 - 107*c - 61. Let h be l(-17). What is the greatest common factor of v and h?
3
Suppose 2*i - i + 7956 = j, 2*j - 15940 = -5*i. What is the greatest common factor of 597 and j?
199
Let z be 54/(-21)*(1 + 1955/(-51)). What is the highest common factor of z and 248?
8
Let d be (-24)/(-36)*-54*63/(-12). What is the greatest common factor of d and 630?
63
Let u = 3081 - 3057. Calculate the highest common factor of 1128 and u.
24
Suppose -3*u + 11 = -7. Let b = u - 16. Let v = b + 50. What is the greatest common factor of 20 and v?
20
Let q be 50*(8 + 589/38). What is the greatest common divisor of q and 94?
47
Let v be ((-14121)/6)/(-9)*2. Let w = v - 427. Calculate the highest common divisor of 32 and w.
32
Let j = 17873 + -17697. Calculate the highest common factor of 2156 and j.
44
Let w = -25 + 31. Let v = w - -9. Suppose -v = -4*r - r. Calculate the highest common divisor of 3 and r.
3
Let y(t) = t**3 + 8*t**2 - 10*t - 12. Let j(d) = -3*d - 1. Let x be j(2). Let b = -1 + x. Let h be y(b). What is the highest common factor of h and 17?
17
Suppose -35 = -4*a - 5*p, -4*a - 4 = -3*a - 3*p. Let w be (4/a)/((-5)/(-100)) - 4. Suppose 2*z + 192 = 4*z. What is the greatest common divisor of w and z?
12
Let l = -46 + 182. Let o(y) = -137*y**2 - 1507*y + 34. Let j be o(-11). Calculate the highest common factor of j and l.
34
Suppose 5*h + 51 = 2*c, -4*h = 9*c - 10*c + 30. Let t be (18/21)/((-6)/(-63)). Calculate the greatest common divisor of c and t.
9
Suppose 65233 = 71*s + 17561 - 21553. Calculate the greatest common divisor of 600 and s.
75
Suppose r = v + 12 + 10, -5*r = -4*v - 115. Suppose -5*f - 5*w = -75, r - 132 = -4*f + 5*w. What is the highest common factor of f and 4?
4
Suppose 3*k + 3*d = 6*k - 63, -2*k - 2*d = -26. Let v be -3 + 2*71/2. Calculate the highest common factor of v and k.
17
Suppose q + q + 1872 = 20*q. Calculate the greatest common divisor of q and 2756.
52
Let q = 2217 + -1832. What is the highest common factor of q and 35?
35
Let a(n) = 228*n - 1020. Let d be a(5). Suppose 5*m - 162 = 238. Suppose 0 = -3*q + q + m. Calculate the greatest common factor of q and d.
40
Let g be (-4 - (-14)/5)/((-9)/150). What is the greatest common factor of g and 12620?
20
Suppose 4*d = g + 56, 4*d = d - 5*g + 65. Let a = 657 + -654. Suppose 2*z - 4*z = -a*u + 46, -3*z - d = 0. What is the greatest common divisor of u and 96?
12
Let c be (-1 + 3)/((-2)/(-13)). Suppose 4*s = 2*p + 726, 4*p = -4*s + 302 + 394. Let x = 81 + s. Calculate the highest common factor of x and c.
13
Suppose -3*r = -0*r - 1104. Let w be (828/864)/((-4)/(-96)). What is the greatest common factor of w and r?
23
Let p = -4 - -8. Suppose 0 = 4*u - o - 175, 5*u - 31 = p*u - 4*o. Suppose 3*v = 2*m - 76, m + 4*v + u = 2*m. What is the highest common factor of m and 5?
5
Suppose 3*v + 6 = d + 2*v, 4*d + 4*v - 48 = 0. Suppose -4*u = 2*z - 24, 0 = -3*z - 8*u + d*u + 8. Calculate the highest common factor of 12 and z.
4
Let t be ((-654269)/84)/(-11) + (-12)/144. Calculate the greatest common factor of t and 14396.
236
Suppose -16*d + 20*d = -20, -4*s = -2*d - 2470. Let w = -853 - -493. Let r = w + s. What is the highest common factor of r and 51?
51
Suppose 0 = 7*o - 2301 + 7292. Let f be o/(-5) - ((-190)/(-25) - 8). What is the highest common divisor of 13 and f?
13
Let a = 25 + -14. Let h = 787 + -743. Calculate the highest common divisor of h and a.
11
Suppose 0*y + 2*g = y - 7, 5*y = -g + 90. Suppose -5*v + 3*k - k = -72, 3*k = v - y. Calculate the highest common factor of 154 and v.
14
Let o = 39624 + -31174. Calculate the highest common factor of o and 200.
50
Let w = -5715 + 6055. What is the gre